{"id":19,"date":"2011-12-16T10:41:44","date_gmt":"2011-12-16T10:41:44","guid":{"rendered":"http:\/\/www.andechs-trail.de\/wordpress\/?page_id=19"},"modified":"2012-04-24T19:57:44","modified_gmt":"2012-04-24T19:57:44","slug":"impressum","status":"publish","type":"page","link":"http:\/\/www.andechs-trail.de\/?page_id=19","title":{"rendered":"Impressum"},"content":{"rendered":"<p>&nbsp;<\/p>\n<h2>Verantwortlich f\u00fcr den Inhalt nach \u00a7 55 Abs. 2 RStV:<\/h2>\n<p>Peter Cabell<br \/>\nHoerndlweg 12<br \/>\n82346 Andechs<\/p>\n<p>Stefan Paternoster<br \/>\nP\u00e4hler-Hart-Str. 2<br \/>\n82346 Andechs<\/p>\n<p>&nbsp;<\/p>\n<h2>Haftungsausschluss:<\/h2>\n<p><strong>Haftung f\u00fcr Inhalte<\/strong><\/p>\n<p>Die Inhalte unserer Seiten wurden mit gr\u00f6\u00dfter Sorgfalt erstellt.<br \/>\nF\u00fcr die Richtigkeit, Vollst\u00e4ndigkeit und Aktualit\u00e4t der Inhalte<br \/>\nk\u00f6nnen wir jedoch keine Gew\u00e4hr \u00fcbernehmen. Als Diensteanbieter sind wir gem\u00e4\u00df \u00a7 7 Abs.1 TMG f\u00fcr<br \/>\neigene Inhalte auf diesen Seiten nach den allgemeinen Gesetzen verantwortlich.<br \/>\nNach \u00a7\u00a7 8 bis 10 TMG sind wir als Diensteanbieter jedoch nicht<br \/>\nverpflichtet, \u00fcbermittelte oder gespeicherte fremde Informationen zu<br \/>\n\u00fcberwachen oder nach Umst\u00e4nden zu forschen, die auf eine rechtswidrige<br \/>\nT\u00e4tigkeit hinweisen. Verpflichtungen zur Entfernung oder Sperrung der<br \/>\nNutzung von Informationen nach den allgemeinen Gesetzen bleiben hiervon<br \/>\nunber\u00fchrt. Eine diesbez\u00fcgliche Haftung ist jedoch erst ab dem<br \/>\nZeitpunkt der Kenntnis einer konkreten Rechtsverletzung m\u00f6glich. Bei<br \/>\nBekanntwerden von entsprechenden Rechtsverletzungen werden wir diese Inhalte<br \/>\numgehend entfernen.<\/p>\n<p><strong>Haftung f\u00fcr Links<\/strong><\/p>\n<p>Unser Angebot enth\u00e4lt Links zu externen Webseiten Dritter, auf deren<br \/>\nInhalte wir keinen Einfluss haben. Deshalb k\u00f6nnen wir f\u00fcr diese<br \/>\nfremden Inhalte auch keine Gew\u00e4hr \u00fcbernehmen. F\u00fcr die Inhalte<br \/>\nder verlinkten Seiten ist stets der jeweilige Anbieter oder Betreiber der<br \/>\nSeiten verantwortlich. Die verlinkten Seiten wurden zum Zeitpunkt der Verlinkung<br \/>\nauf m\u00f6gliche Rechtsverst\u00f6\u00dfe \u00fcberpr\u00fcft. Rechtswidrige<br \/>\nInhalte waren zum Zeitpunkt der Verlinkung nicht erkennbar. Eine permanente<br \/>\ninhaltliche Kontrolle der verlinkten Seiten ist jedoch ohne konkrete Anhaltspunkte<br \/>\neiner Rechtsverletzung nicht zumutbar. Bei Bekanntwerden von Rechtsverletzungen<br \/>\nwerden wir derartige Links umgehend entfernen.<\/p>\n<p><strong>Urheberrecht<\/strong><\/p>\n<p>Die durch die Seitenbetreiber erstellten Inhalte und Werke auf diesen Seiten<br \/>\nunterliegen dem deutschen Urheberrecht. Die Vervielf\u00e4ltigung, Bearbeitung, Verbreitung und<br \/>\njede Art der Verwertung au\u00dferhalb der Grenzen des Urheberrechtes bed\u00fcrfen<br \/>\nder schriftlichen Zustimmung des jeweiligen Autors bzw. Erstellers. Downloads<br \/>\nund Kopien dieser Seite sind nur f\u00fcr den privaten, nicht kommerziellen<br \/>\nGebrauch gestattet. Soweit die Inhalte auf dieser Seite nicht vom Betreiber erstellt wurden,<br \/>\nwerden die Urheberrechte Dritter beachtet. Insbesondere werden Inhalte Dritter als solche<br \/>\ngekennzeichnet. Sollten Sie trotzdem auf eine Urheberrechtsverletzung aufmerksam werden, bitten wir um einen entsprechenden Hinweis.<br \/>\nBei Bekanntwerden von Rechtsverletzungen werden wir derartige Inhalte umgehend entfernen.<\/p>\n<p><strong>Datenschutz<\/strong><\/p>\n<p>Die Nutzung unserer Webseite ist in der Regel ohne Angabe personenbezogener Daten m\u00f6glich. Soweit auf unseren Seiten personenbezogene Daten (beispielsweise Name,<br \/>\nAnschrift oder eMail-Adressen) erhoben werden, erfolgt dies, soweit m\u00f6glich, stets auf freiwilliger Basis. Diese Daten werden ohne Ihre ausdr\u00fcckliche Zustimmung nicht an Dritte weitergegeben.<\/p>\n<p>Wir weisen darauf hin, dass die Daten\u00fcbertragung im Internet (z.B.<br \/>\nbei der Kommunikation per E-Mail) Sicherheitsl\u00fccken aufweisen kann.<br \/>\nEin l\u00fcckenloser Schutz der Daten vor dem Zugriff durch Dritte ist nicht<br \/>\nm\u00f6glich.<\/p>\n<p>Der Nutzung von im Rahmen der Impressumspflicht ver\u00f6ffentlichten Kontaktdaten<br \/>\ndurch Dritte zur \u00dcbersendung von nicht ausdr\u00fccklich angeforderter<br \/>\nWerbung und Informationsmaterialien wird hiermit ausdr\u00fccklich widersprochen.<br \/>\nDie Betreiber der Seiten behalten sich ausdr\u00fccklich rechtliche Schritte<br \/>\nim Falle der unverlangten Zusendung von Werbeinformationen, etwa durch Spam-Mails,<br \/>\nvor.<\/p>\n<p>&nbsp;<\/p>\n<p><strong>Datenschutzerkl\u00e4rung f\u00fcr die Nutzung von Facebook-Plugins<br \/>\n(Like-Button)<\/strong><\/p>\n<p>Auf unseren Seiten sind Plugins des sozialen Netzwerks Facebook,<br \/>\n1601 South California Avenue, Palo Alto, CA 94304, USA integriert.<br \/>\nDie Facebook-Plugins erkennen Sie an dem Facebook-Logo oder<br \/>\ndem &#8222;Like-Button&#8220; (&#8222;Gef\u00e4llt mir&#8220;) auf unserer Seite. Eine \u00dcbersicht<br \/>\n\u00fcber die Facebook-Plugins finden Sie hier:<br \/>\n<a href=\"http:\/\/developers.facebook.com\/docs\/plugins\/\">\u00a0http:\/\/developers.facebook.com\/docs\/plugins\/<\/a>.<br \/>\nWenn Sie unsere Seiten<br \/>\nbesuchen, wird \u00fcber das Plugin eine direkte Verbindung zwischen Ihrem<br \/>\nBrowser und dem Facebook-Server hergestellt. Facebook erh\u00e4lt dadurch<br \/>\ndie Information, dass Sie mit Ihrer IP-Adresse unsere Seite<br \/>\nbesucht haben. Wenn Sie den Facebook &#8222;Like-Button&#8220; anklicken w\u00e4hrend<br \/>\nSie in Ihrem Facebook-Account eingeloggt sind, k\u00f6nnen Sie die Inhalte<br \/>\nunserer Seiten auf Ihrem Facebook-Profil verlinken. Dadurch kann<br \/>\nFacebook den Besuch unserer Seiten Ihrem Benutzerkonto zuordnen. Wir<br \/>\nweisen darauf hin, dass wir als Anbieter der Seiten keine Kenntnis vom<br \/>\nInhalt der \u00fcbermittelten Daten sowie deren Nutzung durch Facebook<br \/>\nerhalten. Weitere Informationen hierzu finden Sie in der<br \/>\nDatenschutzerkl\u00e4rung von facebook unter<br \/>\n<a href=\"http:\/\/de-de.facebook.com\/policy.php\" target=\"_blank\"><br \/>\nhttp:\/\/de-de.facebook.com\/policy.php<\/a><\/p>\n<p>Wenn Sie nicht w\u00fcnschen, dass Facebook den Besuch unserer Seiten Ihrem<br \/>\nFacebook-Nutzerkonto zuordnen kann, loggen Sie sich bitte aus Ihrem<br \/>\nFacebook-Benutzerkonto aus.<\/p>\n<p>&nbsp;<\/p>\n<p><em>Quellen: <a href=\"http:\/\/www.e-recht24.de\/muster-disclaimer.htm\" target=\"_blank\">Disclaimer<\/a> von eRecht24, dem Portal zum Internetrecht von Rechtsanwalt S\u00f6ren Siebert, <a href=\"http:\/\/www.e-recht24.de\/artikel\/datenschutz\/6590-facebook-like-button-datenschutz-disclaimer.html\" target=\"_blank\">Facebook Datenschutzerkl\u00e4rung<\/a><\/em><\/p>\n","protected":false},"excerpt":{"rendered":"<p>&nbsp; Verantwortlich f\u00fcr den Inhalt nach \u00a7 55 Abs. 2 RStV: Peter Cabell Hoerndlweg 12 82346 Andechs Stefan Paternoster P\u00e4hler-Hart-Str. 2 82346 Andechs &nbsp; Haftungsausschluss: Haftung f\u00fcr Inhalte Die Inhalte unserer Seiten wurden mit gr\u00f6\u00dfter Sorgfalt erstellt. F\u00fcr die Richtigkeit, &hellip; <a href=\"http:\/\/www.andechs-trail.de\/?page_id=19\">Weiterlesen <span class=\"meta-nav\">&rarr;<\/span><\/a><\/p>\n","protected":false},"author":1,"featured_media":0,"parent":134,"menu_order":4,"comment_status":"closed","ping_status":"closed","template":"sidebar-page.php","meta":{"ngg_post_thumbnail":0,"footnotes":""},"class_list":["post-19","page","type-page","status-publish","hentry"],"_links":{"self":[{"href":"http:\/\/www.andechs-trail.de\/index.php?rest_route=\/wp\/v2\/pages\/19","targetHints":{"allow":["GET"]}}],"collection":[{"href":"http:\/\/www.andechs-trail.de\/index.php?rest_route=\/wp\/v2\/pages"}],"about":[{"href":"http:\/\/www.andechs-trail.de\/index.php?rest_route=\/wp\/v2\/types\/page"}],"author":[{"embeddable":true,"href":"http:\/\/www.andechs-trail.de\/index.php?rest_route=\/wp\/v2\/users\/1"}],"replies":[{"embeddable":true,"href":"http:\/\/www.andechs-trail.de\/index.php?rest_route=%2Fwp%2Fv2%2Fcomments&post=19"}],"version-history":[{"count":1,"href":"http:\/\/www.andechs-trail.de\/index.php?rest_route=\/wp\/v2\/pages\/19\/revisions"}],"predecessor-version":[{"id":558,"href":"http:\/\/www.andechs-trail.de\/index.php?rest_route=\/wp\/v2\/pages\/19\/revisions\/558"}],"up":[{"embeddable":true,"href":"http:\/\/www.andechs-trail.de\/index.php?rest_route=\/wp\/v2\/pages\/134"}],"wp:attachment":[{"href":"http:\/\/www.andechs-trail.de\/index.php?rest_route=%2Fwp%2Fv2%2Fmedia&parent=19"}],"curies":[{"name":"wp","href":"https:\/\/api.w.org\/{rel}","templated":true}]}}

<p>&nbsp;</p>
<h2>Verantwortlich für den Inhalt nach § 55 Abs. 2 RStV:</h2>
<p>Peter Cabell<br />
Hoerndlweg 12<br />
82346 Andechs</p>
<p>Stefan Paternoster<br />
Pähler-Hart-Str. 2<br />
82346 Andechs</p>
<p>&nbsp;</p>
<h2>Haftungsausschluss:</h2>
<p><strong>Haftung für Inhalte</strong></p>
<p>Die Inhalte unserer Seiten wurden mit größter Sorgfalt erstellt.<br />
Für die Richtigkeit, Vollständigkeit und Aktualität der Inhalte<br />
können wir jedoch keine Gewähr übernehmen. Als Diensteanbieter sind wir gemäß § 7 Abs.1 TMG für<br />
eigene Inhalte auf diesen Seiten nach den allgemeinen Gesetzen verantwortlich.<br />
Nach §§ 8 bis 10 TMG sind wir als Diensteanbieter jedoch nicht<br />
verpflichtet, übermittelte oder gespeicherte fremde Informationen zu<br />
überwachen oder nach Umständen zu forschen, die auf eine rechtswidrige<br />
Tätigkeit hinweisen. Verpflichtungen zur Entfernung oder Sperrung der<br />
Nutzung von Informationen nach den allgemeinen Gesetzen bleiben hiervon<br />
unberührt. Eine diesbezügliche Haftung ist jedoch erst ab dem<br />
Zeitpunkt der Kenntnis einer konkreten Rechtsverletzung möglich. Bei<br />
Bekanntwerden von entsprechenden Rechtsverletzungen werden wir diese Inhalte<br />
umgehend entfernen.</p>
<p><strong>Haftung für Links</strong></p>
<p>Unser Angebot enthält Links zu externen Webseiten Dritter, auf deren<br />
Inhalte wir keinen Einfluss haben. Deshalb können wir für diese<br />
fremden Inhalte auch keine Gewähr übernehmen. Für die Inhalte<br />
der verlinkten Seiten ist stets der jeweilige Anbieter oder Betreiber der<br />
Seiten verantwortlich. Die verlinkten Seiten wurden zum Zeitpunkt der Verlinkung<br />
auf mögliche Rechtsverstöße überprüft. Rechtswidrige<br />
Inhalte waren zum Zeitpunkt der Verlinkung nicht erkennbar. Eine permanente<br />
inhaltliche Kontrolle der verlinkten Seiten ist jedoch ohne konkrete Anhaltspunkte<br />
einer Rechtsverletzung nicht zumutbar. Bei Bekanntwerden von Rechtsverletzungen<br />
werden wir derartige Links umgehend entfernen.</p>
<p><strong>Urheberrecht</strong></p>
<p>Die durch die Seitenbetreiber erstellten Inhalte und Werke auf diesen Seiten<br />
unterliegen dem deutschen Urheberrecht. Die Vervielfältigung, Bearbeitung, Verbreitung und<br />
jede Art der Verwertung außerhalb der Grenzen des Urheberrechtes bedürfen<br />
der schriftlichen Zustimmung des jeweiligen Autors bzw. Erstellers. Downloads<br />
und Kopien dieser Seite sind nur für den privaten, nicht kommerziellen<br />
Gebrauch gestattet. Soweit die Inhalte auf dieser Seite nicht vom Betreiber erstellt wurden,<br />
werden die Urheberrechte Dritter beachtet. Insbesondere werden Inhalte Dritter als solche<br />
gekennzeichnet. Sollten Sie trotzdem auf eine Urheberrechtsverletzung aufmerksam werden, bitten wir um einen entsprechenden Hinweis.<br />
Bei Bekanntwerden von Rechtsverletzungen werden wir derartige Inhalte umgehend entfernen.</p>
<p><strong>Datenschutz</strong></p>
<p>Die Nutzung unserer Webseite ist in der Regel ohne Angabe personenbezogener Daten möglich. Soweit auf unseren Seiten personenbezogene Daten (beispielsweise Name,<br />
Anschrift oder eMail-Adressen) erhoben werden, erfolgt dies, soweit möglich, stets auf freiwilliger Basis. Diese Daten werden ohne Ihre ausdrückliche Zustimmung nicht an Dritte weitergegeben.</p>
<p>Wir weisen darauf hin, dass die Datenübertragung im Internet (z.B.<br />
bei der Kommunikation per E-Mail) Sicherheitslücken aufweisen kann.<br />
Ein lückenloser Schutz der Daten vor dem Zugriff durch Dritte ist nicht<br />
möglich.</p>
<p>Der Nutzung von im Rahmen der Impressumspflicht veröffentlichten Kontaktdaten<br />
durch Dritte zur Übersendung von nicht ausdrücklich angeforderter<br />
Werbung und Informationsmaterialien wird hiermit ausdrücklich widersprochen.<br />
Die Betreiber der Seiten behalten sich ausdrücklich rechtliche Schritte<br />
im Falle der unverlangten Zusendung von Werbeinformationen, etwa durch Spam-Mails,<br />
vor.</p>
<p>&nbsp;</p>
<p><strong>Datenschutzerklärung für die Nutzung von Facebook-Plugins<br />
(Like-Button)</strong></p>
<p>Auf unseren Seiten sind Plugins des sozialen Netzwerks Facebook,<br />
1601 South California Avenue, Palo Alto, CA 94304, USA integriert.<br />
Die Facebook-Plugins erkennen Sie an dem Facebook-Logo oder<br />
dem &#8222;Like-Button&#8220; (&#8222;Gefällt mir&#8220;) auf unserer Seite. Eine Übersicht<br />
über die Facebook-Plugins finden Sie hier:<br />
<a href="http://developers.facebook.com/docs/plugins/"> http://developers.facebook.com/docs/plugins/</a>.<br />
Wenn Sie unsere Seiten<br />
besuchen, wird über das Plugin eine direkte Verbindung zwischen Ihrem<br />
Browser und dem Facebook-Server hergestellt. Facebook erhält dadurch<br />
die Information, dass Sie mit Ihrer IP-Adresse unsere Seite<br />
besucht haben. Wenn Sie den Facebook &#8222;Like-Button&#8220; anklicken während<br />
Sie in Ihrem Facebook-Account eingeloggt sind, können Sie die Inhalte<br />
unserer Seiten auf Ihrem Facebook-Profil verlinken. Dadurch kann<br />
Facebook den Besuch unserer Seiten Ihrem Benutzerkonto zuordnen. Wir<br />
weisen darauf hin, dass wir als Anbieter der Seiten keine Kenntnis vom<br />
Inhalt der übermittelten Daten sowie deren Nutzung durch Facebook<br />
erhalten. Weitere Informationen hierzu finden Sie in der<br />
Datenschutzerklärung von facebook unter<br />
<a href="http://de-de.facebook.com/policy.php" target="_blank"><br />
http://de-de.facebook.com/policy.php</a></p>
<p>Wenn Sie nicht wünschen, dass Facebook den Besuch unserer Seiten Ihrem<br />
Facebook-Nutzerkonto zuordnen kann, loggen Sie sich bitte aus Ihrem<br />
Facebook-Benutzerkonto aus.</p>
<p>&nbsp;</p>
<p><em>Quellen: <a href="http://www.e-recht24.de/muster-disclaimer.htm" target="_blank">Disclaimer</a> von eRecht24, dem Portal zum Internetrecht von Rechtsanwalt Sören Siebert, <a href="http://www.e-recht24.de/artikel/datenschutz/6590-facebook-like-button-datenschutz-disclaimer.html" target="_blank">Facebook Datenschutzerklärung</a></em></p>

<p>&nbsp; Verantwortlich für den Inhalt nach § 55 Abs. 2 RStV: Peter Cabell Hoerndlweg 12 82346 Andechs Stefan Paternoster Pähler-Hart-Str. 2 82346 Andechs &nbsp; Haftungsausschluss: Haftung für Inhalte Die Inhalte unserer Seiten wurden mit größter Sorgfalt erstellt. Für die Richtigkeit, &hellip; <a href="http://www.andechs-trail.de/?page_id=19">Weiterlesen <span class="meta-nav">&rarr;</span></a></p>
